 the prime factors of (-366)/(-10) - 8/(-20)?
37
List the prime factors of 2*28 + 14 + -15.
5, 11
Let y(w) = 5*w - 1. Let u be y(-1). Let d(s) = -s**2 - 7*s - 4. Let a be d(u). Suppose -3*m + 0*m - a*r = -49, 2*r = -5*m + 75. List the prime factors of m.
13
Suppose -q + 115 = -5*v - 122, 5*v - 10 = 0. List the prime factors of q.
13, 19
Let r(s) = s**3 - 8*s**2 + 12*s - 16. What are the prime factors of r(7)?
19
Let u(i) = i**2 - 5*i + 2. Let w be u(5). Suppose -5*a + 20 + 35 = -5*v, -w*a - 2*v = -30. What are the prime factors of a?
13
Let i = -59 - -178. What are the prime factors of i?
7, 17
Suppose -4*i + h = -0*i - 122, -i + 40 = -5*h. Let n = i - 18. List the prime factors of n.
2, 3
Let u = 0 - -3. Suppose -3*d + 0 = m - 17, -2*m = -u*d + 11. What are the prime factors of d?
5
Suppose 0 = -w + 8 + 1. Let n = w - -2. List the prime factors of n/2*(5 - 3).
11
Let y = -10 + 11. Let u(d) = 18*d**3 - 2*d**2 + d. List the prime factors of u(y).
17
Suppose 0 = -4*t - 8 - 0. List the prime factors of (14 - 8)/(t/(-11)).
3, 11
Let o(x) = x**3 - 14*x**2 + 5*x - 32. List the prime factors of o(14).
2, 19
Let d(k) = -k**3 + 9*k**2 - 8*k - 4. Let p be d(5). Suppose -5*x = -4*i - p - 79, -4*x + 112 = -4*i. List the prime factors of x.
23
Suppose 5*x - 7 + 2 = 0. Let g = x - -4. Let c = 7 - g. What are the prime factors of c?
2
Suppose -5*u + 79 = 3*z, 5*z + 3*u = 133 + 20. What are the prime factors of z?
3, 11
Suppose 2*s + 102 = -s. Let p be (-17)/5 + (-10)/(-25) + -21. Let a = p - s. List the prime factors of a.
2, 5
Let j(g) = -2*g + 3. Let r be j(0). Suppose 7*o - 2*o - 5 = -r*c, 0 = -c - 5. What are the prime factors of o?
2
Let g be 1 + (-1)/1 - -12. Let f = 11 - 7. Suppose 5*k - f*x = g, k = -2*k - 3*x + 18. What are the prime factors of k?
2
Let b be (20/15)/((-2)/(-24)). Let p = -7 + b. Suppose 3*n - p = -3. What are the prime factors of n?
2
Let s(i) = -i**2 + 11*i - 6. Let h be (0 + -1)*3 - -45. Suppose 0 = 4*a - h + 6. What are the prime factors of s(a)?
2, 3
Let k = 2 + 1. Let v = 4 - k. List the prime factors of ((-2)/v)/(-2) + 4.
5
Let l be 6/(1 - (-9)/(-15)). Suppose -5*m - 2*q = -94 - 32, 5*q = l. Let j = m - 13. List the prime factors of j.
11
Let t = 0 - 2. What are the prime factors of 10/15*(-15)/t?
5
Suppose -4*v + 140 = -232. List the prime factors of v.
3, 31
Suppose -2*f - 18 = 12. Let r = 17 + -38. Let a = f - r. What are the prime factors of a?
2, 3
Suppose 40 + 105 = 5*p. Suppose -5*n - 2*z + p = 0, 0 = 5*n + z + 2*z - 26. What are the prime factors of n?
7
Let a(w) = 11*w + w**2 + 4*w**2 + 181 + 8*w**2 + w**3 - 168. List the prime factors of a(-12).
5
What are the prime factors of 6/(-4)*(-1 - (-1405)/(-15))?
2, 71
Suppose -b - 3*v + 45 = 0, 2*b + 0*b + 4*v = 88. List the prime factors of 324/b - (-4)/14.
2
Let b be 2/(-4) - 39/2. Let d = 37 + b. List the prime factors of d.
17
List the prime factors of 4*1/(-2) + 47.
3, 5
Suppose 4*n - 84 - 91 = -5*w, 20 = -4*w. List the prime factors of n.
2, 5
Suppose 6*r - 5*r - 4 = 0. Suppose -f - w - 4 = r*f, 0 = 5*w - 5. What are the prime factors of (-10)/(-2) + 2 + f?
2, 3
Suppose -g + 7 = 3*k, -5*g + 4*g = -1. Suppose -f + k*f - 18 = 0. What are the prime factors of f?
2, 3
Suppose 8*i - 3*i - 30 = 0. Suppose -i*u = -4*u - 88. List the prime factors of u.
2, 11
What are the prime factors of ((-4)/(-2))/((-1)/(-3))?
2, 3
Suppose 0*r - r = -11. List the prime factors of r.
11
Let h = -81 + 142. Suppose 5*t - h = 44. List the prime factors of (-1 - t)*(-1)/2.
11
Let u(r) = 2 + 5 - 2 - 2 + 2*r. What are the prime factors of u(8)?
19
Suppose 0 = -2*a - 2, -2 = -n + 3*a. Let s be 220/2*n/(-2). Suppose -2*v - 3*v = -s. List the prime factors of v.
11
Suppose 0 = -g + 225 + 55. List the prime factors of g.
2, 5, 7
Suppose 4*i + 13 = -3. List the prime factors of (i/(-2))/(8/92).
23
Suppose 3*v = -4*w + 2, 0 = 4*v + v + 4*w - 6. Let b(n) = -n**v + 3*n**2 + 3 - 3*n - 2*n. What are the prime factors of b(3)?
2, 3
Let d(s) = -s**3 - s**2 + s - 42. Let p be d(0). Let a = p - -67. What are the prime factors of a?
5
Let i = -377 - -794. List the prime factors of i.
3, 139
Let a(p) = 2*p**3 - p + 1. Let t be a(3). Let j = t + -5. What are the prime factors of j?
47
Let f = -1 + 0. Let r be (3 + -3)/(1*f). Suppose 5*t = 0, -2*i + r*t + 24 = -2*t. List the prime factors of i.
2, 3
Suppose 0*w - 4*m - 280 = 4*w, 0 = 2*w - 5*m + 140. Let q = -33 - w. What are the prime factors of q?
37
Suppose 4*q - 6 = 6*q, -4*q + 213 = 3*m. Suppose 0*k + m = 3*k. What are the prime factors of k?
5
Let n = -1 - -1. Suppose n = m - 8 + 1. List the prime factors of m.
7
Suppose -q = q - 68. List the prime factors of q.
2, 17
Suppose x - 14 = 3*x. Let p(n) = -n - 3. Let s be p(x). Suppose 5*o - 4*k - 59 = 0, -3*o - o + 40 = s*k. List the prime factors of o.
11
Let h(r) = r**2 - 4*r + 2. Let i be h(-7). List the prime factors of i/3 - (-12)/18.
3
Suppose -3*q - 21 + 57 = 0. What are the prime factors of q?
2, 3
Suppose 0 = -n + h + 41, -3*n - 4*h - 6 = -101. What are the prime factors of n?
37
Suppose -335 = -5*h - 5*n, 4*n = n - 6. Let u = h - -6. Suppose x = -4*x + u. List the prime factors of x.
3, 5
Suppose 4*y - 2*c - 14 = 2, 3*y - 7 = 4*c. Suppose -y*g = -1 - 9. Suppose 0 = -5*b - p + g*p + 45, 3*b = -4*p + 50. What are the prime factors of b?
2, 5
Let t(b) = -12*b - 3. Let k be t(-2). Let d = 35 - k. What are the prime factors of d?
2, 7
Let y(t) = 2*t**2 - 2*t. What are the prime factors of y(4)?
2, 3
Let s(u) = -7*u + 1. Let z be s(-2). Suppose 0 = -o + 5 + z. List the prime factors of o.
2, 5
Suppose -4*h - 6 = -2*g + 6, -h = 5*g - 52. Let k be (3/2)/(1/g). List the prime factors of (3/(-2))/(k/(-100)).
2, 5
Let w(p) = p**3 + 8*p**2 + 3*p + 13. What are the prime factors of w(-7)?
41
Suppose 0 = 4*j - 2 - 6. Let y = -3 + 3. Suppose 4*r - 34 = j*k, r = -3*k - y*k - 2. What are the prime factors of r?
7
Let y = 73 - 68. List the prime factors of y.
5
Let z = 240 + -160. List the prime factors of z.
2, 5
Suppose -3*b - 2*n = -12, 27 = 4*b - n - 0*n. What are the prime factors of -1 + 5 + b/3?
2, 3
Let v(z) = -3*z - 3. List the prime factors of v(-6).
3, 5
Let z = -4 + 7. Suppose 3*b = z*t + 3, b - 2*t + 5*t = 9. Suppose -4*i + 15 + 26 = x, x = -b. What are the prime factors of i?
11
Suppose m - 57 = -0*m. List the prime factors of m.
3, 19
Suppose 4*f = 7*f - 765. What are the prime factors of f?
3, 5, 17
Suppose -140 = -4*f + 4*g, 3*f + 3*g - 1 - 128 = 0. Suppose 3*l = 6*l - f. List the prime factors of l.
13
Suppose 4*n - 10 = 2. Let z = 14 - n. List the prime factors of z.
11
Suppose 3*z + 12 = 0, -5*n = z - 37 - 99. Let o = n + -13. What are the prime factors of o?
3, 5
Let a(x) = x**2 - x. Let f be a(-1). Suppose -s + f = s. What are the prime factors of s + 2 + -4 + 19?
2, 3
Suppose -3*v + 26 - 7 = -4*p, -4*p - 4*v = 40. Let d be (-3 + 1)*p/(-2). Let b = 13 + d. List the prime factors of b.
2, 3
Let h(b) = b**2 + 11*b + 8. What are the prime factors of h(-11)?
2
Let r(i) = i**2 + 7*i + 1. Let m be r(-7). Let h = m - -43. List the prime factors of h.
2, 11
List the prime factors of (-320)/(-2*3/6).
2, 5
Let i = -67 + 100. What are the prime factors of i?
3, 11
Let h(v) = 2 - 6*v + 10*v - 6 + 3*v. List the prime factors of h(4).
2, 3
Let d(v) = 4*v**2 + 3*v - 3. What are the prime factors of d(-3)?
2, 3
Let q = 559 + -372. What are the prime factors of q?
11, 17
Suppose 2*a - 21 = 7. Suppose 0 = -i - i + a. List the prime factors of i.
7
Suppose -o = 5*t - 186, 6*o + 4*t - 728 = 2*o. What are the prime factors of o?
181
Let w = -34 - -63. List the prime factors of w.
29
Suppose -p - 3 = m, 2*m + 10 + 4 = 2*p. Let d(k) = k**3 + 3*k**2 - 2*k + 2. Let r be d(-3). Suppose p = 2*s - r. What are the prime factors of s?
5
Suppose -2*z + 5*j = -0*z + 4, 0 = -3*z + 2*j + 16. List the prime factors of z.
2
Let a = 7 + -5. Let r be 1 - (4 - a/1). What are the prime factors of ((-1)/(-2))/(r/(-10))?
5
Let o(q) = q**3 + 7*q**2 - 7*q + 9. Let a be o(-8). Suppose -4*i - 5*u = -a, 0 = -3*u + 1 + 2. Let y = 4 + i. List the prime factors of y.
3
Let w(g) = 7*g**2 - g. Let c be w(-1). List the prime factors of 1*1*-2 + c.
2, 3
Let a(z) = -z**2 + 5*z - 1. Let s = -4 - -8. Let i be a(s). Suppose 0 = -n + d + 8, 4*n + d + 